{"id":763,"date":"2022-01-25T05:55:15","date_gmt":"2022-01-25T05:55:15","guid":{"rendered":"https:\/\/crazydemos.com\/demo\/iconpro\/?page_id=763"},"modified":"2025-07-18T12:43:34","modified_gmt":"2025-07-18T12:43:34","slug":"datenscreening-und-analyse","status":"publish","type":"page","link":"https:\/\/crazydemos.com\/demo\/iconpro\/datenscreening-und-analyse\/","title":{"rendered":"Datenscreening und -analyse"},"content":{"rendered":"","protected":false},"excerpt":{"rendered":"","protected":false},"author":1,"featured_media":0,"parent":0,"menu_order":0,"comment_status":"closed","ping_status":"closed","template":"","meta":{"_acf_changed":false,"footnotes":""},"class_list":["post-763","page","type-page","status-publish","hentry"],"acf":[],"yoast_head":"<!-- This site is optimized with the Yoast SEO plugin v25.9 - https:\/\/yoast.com\/wordpress\/plugins\/seo\/ -->\n<title>Datenanalyse &amp; Optimierung der Datenqualit\u00e4t<\/title>\n<meta name=\"description\" content=\"Wir pr\u00fcfen und optimieren die Datenqualit\u00e4t Ihrer vorhandenen Daten zu einem KI Use-Case mittels professioneller Datenanalyse.\" \/>\n<meta name=\"robots\" content=\"index, follow, max-snippet:-1, max-image-preview:large, max-video-preview:-1\" \/>\n<link rel=\"canonical\" href=\"https:\/\/crazydemos.com\/demo\/iconpro\/datenscreening-und-analyse\/\" \/>\n<meta property=\"og:locale\" content=\"de_DE\" \/>\n<meta property=\"og:type\" content=\"article\" \/>\n<meta property=\"og:title\" content=\"Datenanalyse &amp; Optimierung der Datenqualit\u00e4t\" \/>\n<meta property=\"og:description\" content=\"Wir pr\u00fcfen und optimieren die Datenqualit\u00e4t Ihrer vorhandenen Daten zu einem KI Use-Case mittels professioneller Datenanalyse.\" \/>\n<meta property=\"og:url\" content=\"https:\/\/crazydemos.com\/demo\/iconpro\/datenscreening-und-analyse\/\" \/>\n<meta property=\"og:site_name\" content=\"IconPro\" \/>\n<meta property=\"article:modified_time\" content=\"2025-07-18T12:43:34+00:00\" \/>\n<meta name=\"twitter:card\" content=\"summary_large_image\" \/>\n<script type=\"application\/ld+json\" class=\"yoast-schema-graph\">{\"@context\":\"https:\/\/schema.org\",\"@graph\":[{\"@type\":\"WebPage\",\"@id\":\"https:\/\/crazydemos.com\/demo\/iconpro\/datenscreening-und-analyse\/\",\"url\":\"https:\/\/crazydemos.com\/demo\/iconpro\/datenscreening-und-analyse\/\",\"name\":\"Datenanalyse & Optimierung der Datenqualit\u00e4t\",\"isPartOf\":{\"@id\":\"https:\/\/crazydemos.com\/demo\/iconpro\/#website\"},\"datePublished\":\"2022-01-25T05:55:15+00:00\",\"dateModified\":\"2025-07-18T12:43:34+00:00\",\"description\":\"Wir pr\u00fcfen und optimieren die Datenqualit\u00e4t Ihrer vorhandenen Daten zu einem KI Use-Case mittels professioneller Datenanalyse.\",\"breadcrumb\":{\"@id\":\"https:\/\/crazydemos.com\/demo\/iconpro\/datenscreening-und-analyse\/#breadcrumb\"},\"inLanguage\":\"de\",\"potentialAction\":[{\"@type\":\"ReadAction\",\"target\":[\"https:\/\/crazydemos.com\/demo\/iconpro\/datenscreening-und-analyse\/\"]}]},{\"@type\":\"BreadcrumbList\",\"@id\":\"https:\/\/crazydemos.com\/demo\/iconpro\/datenscreening-und-analyse\/#breadcrumb\",\"itemListElement\":[{\"@type\":\"ListItem\",\"position\":1,\"name\":\"Home\",\"item\":\"https:\/\/crazydemos.com\/demo\/iconpro\/\"},{\"@type\":\"ListItem\",\"position\":2,\"name\":\"Datenscreening und -analyse\"}]},{\"@type\":\"WebSite\",\"@id\":\"https:\/\/crazydemos.com\/demo\/iconpro\/#website\",\"url\":\"https:\/\/crazydemos.com\/demo\/iconpro\/\",\"name\":\"IconPro\",\"description\":\"\",\"potentialAction\":[{\"@type\":\"SearchAction\",\"target\":{\"@type\":\"EntryPoint\",\"urlTemplate\":\"https:\/\/crazydemos.com\/demo\/iconpro\/?s={search_term_string}\"},\"query-input\":{\"@type\":\"PropertyValueSpecification\",\"valueRequired\":true,\"valueName\":\"search_term_string\"}}],\"inLanguage\":\"de\"}]}<\/script>\n<!-- \/ Yoast SEO plugin. -->","yoast_head_json":{"title":"Datenanalyse & Optimierung der Datenqualit\u00e4t","description":"Wir pr\u00fcfen und optimieren die Datenqualit\u00e4t Ihrer vorhandenen Daten zu einem KI Use-Case mittels professioneller Datenanalyse.","robots":{"index":"index","follow":"follow","max-snippet":"max-snippet:-1","max-image-preview":"max-image-preview:large","max-video-preview":"max-video-preview:-1"},"canonical":"https:\/\/crazydemos.com\/demo\/iconpro\/datenscreening-und-analyse\/","og_locale":"de_DE","og_type":"article","og_title":"Datenanalyse & Optimierung der Datenqualit\u00e4t","og_description":"Wir pr\u00fcfen und optimieren die Datenqualit\u00e4t Ihrer vorhandenen Daten zu einem KI Use-Case mittels professioneller Datenanalyse.","og_url":"https:\/\/crazydemos.com\/demo\/iconpro\/datenscreening-und-analyse\/","og_site_name":"IconPro","article_modified_time":"2025-07-18T12:43:34+00:00","twitter_card":"summary_large_image","schema":{"@context":"https:\/\/schema.org","@graph":[{"@type":"WebPage","@id":"https:\/\/crazydemos.com\/demo\/iconpro\/datenscreening-und-analyse\/","url":"https:\/\/crazydemos.com\/demo\/iconpro\/datenscreening-und-analyse\/","name":"Datenanalyse & Optimierung der Datenqualit\u00e4t","isPartOf":{"@id":"https:\/\/crazydemos.com\/demo\/iconpro\/#website"},"datePublished":"2022-01-25T05:55:15+00:00","dateModified":"2025-07-18T12:43:34+00:00","description":"Wir pr\u00fcfen und optimieren die Datenqualit\u00e4t Ihrer vorhandenen Daten zu einem KI Use-Case mittels professioneller Datenanalyse.","breadcrumb":{"@id":"https:\/\/crazydemos.com\/demo\/iconpro\/datenscreening-und-analyse\/#breadcrumb"},"inLanguage":"de","potentialAction":[{"@type":"ReadAction","target":["https:\/\/crazydemos.com\/demo\/iconpro\/datenscreening-und-analyse\/"]}]},{"@type":"BreadcrumbList","@id":"https:\/\/crazydemos.com\/demo\/iconpro\/datenscreening-und-analyse\/#breadcrumb","itemListElement":[{"@type":"ListItem","position":1,"name":"Home","item":"https:\/\/crazydemos.com\/demo\/iconpro\/"},{"@type":"ListItem","position":2,"name":"Datenscreening und -analyse"}]},{"@type":"WebSite","@id":"https:\/\/crazydemos.com\/demo\/iconpro\/#website","url":"https:\/\/crazydemos.com\/demo\/iconpro\/","name":"IconPro","description":"","potentialAction":[{"@type":"SearchAction","target":{"@type":"EntryPoint","urlTemplate":"https:\/\/crazydemos.com\/demo\/iconpro\/?s={search_term_string}"},"query-input":{"@type":"PropertyValueSpecification","valueRequired":true,"valueName":"search_term_string"}}],"inLanguage":"de"}]}},"_links":{"self":[{"href":"https:\/\/crazydemos.com\/demo\/iconpro\/wp-json\/wp\/v2\/pages\/763","targetHints":{"allow":["GET"]}}],"collection":[{"href":"https:\/\/crazydemos.com\/demo\/iconpro\/wp-json\/wp\/v2\/pages"}],"about":[{"href":"https:\/\/crazydemos.com\/demo\/iconpro\/wp-json\/wp\/v2\/types\/page"}],"author":[{"embeddable":true,"href":"https:\/\/crazydemos.com\/demo\/iconpro\/wp-json\/wp\/v2\/users\/1"}],"replies":[{"embeddable":true,"href":"https:\/\/crazydemos.com\/demo\/iconpro\/wp-json\/wp\/v2\/comments?post=763"}],"version-history":[{"count":106,"href":"https:\/\/crazydemos.com\/demo\/iconpro\/wp-json\/wp\/v2\/pages\/763\/revisions"}],"predecessor-version":[{"id":10951,"href":"https:\/\/crazydemos.com\/demo\/iconpro\/wp-json\/wp\/v2\/pages\/763\/revisions\/10951"}],"wp:attachment":[{"href":"https:\/\/crazydemos.com\/demo\/iconpro\/wp-json\/wp\/v2\/media?parent=763"}],"curies":[{"name":"wp","href":"https:\/\/api.w.org\/{rel}","templated":true}]}}